{"id":1828,"date":"2023-10-07T12:09:12","date_gmt":"2023-10-07T12:09:12","guid":{"rendered":"https:\/\/www.cambiatumundo.org\/?page_id=1828"},"modified":"2023-10-07T12:12:12","modified_gmt":"2023-10-07T12:12:12","slug":"elementor-1828","status":"publish","type":"page","link":"https:\/\/www.cambiatumundo.org\/?page_id=1828","title":{"rendered":"Los \u00c1ngeles Custodios"},"content":{"rendered":"\t\t<div data-elementor-type=\"wp-page\" data-elementor-id=\"1828\" class=\"elementor elementor-1828\">\n\t\t\t\t\t\t<section class=\"elementor-section elementor-top-section elementor-element elementor-element-176be20 elementor-section-boxed elementor-section-height-default elementor-section-height-default\" data-id=\"176be20\" data-element_type=\"section\">\n\t\t\t\t\t\t<div class=\"elementor-container elementor-column-gap-default\">\n\t\t\t\t\t<div class=\"elementor-column elementor-col-100 elementor-top-column elementor-element elementor-element-129ab2c\" data-id=\"129ab2c\" data-element_type=\"column\">\n\t\t\t<div class=\"elementor-widget-wrap elementor-element-populated\">\n\t\t\t\t\t\t<div class=\"elementor-element elementor-element-6cd883e elementor-widget elementor-widget-text-editor\" data-id=\"6cd883e\" data-element_type=\"widget\" data-widget_type=\"text-editor.default\">\n\t\t\t\t<div class=\"elementor-widget-container\">\n\t\t\t\t\t\t\t\t\t<p class=\"MsoNormal\" style=\"margin: 15pt 0cm 12pt; line-height: normal; background-image: initial; background-position: initial; background-size: initial; background-repeat: initial; background-attachment: initial; background-origin: initial; background-clip: initial; vertical-align: top;\"><b><span style=\"font-size:20.5pt;font-family:&quot;Inter&quot;,serif; mso-fareast-font-family:&quot;Times New Roman&quot;;mso-bidi-font-family:Arial; color:#2F222A;letter-spacing:-.1pt;mso-fareast-language:ES\">Los \u00e1ngeles custodios<o:p><\/o:p><\/span><\/b><\/p>\n<p class=\"MsoNormal\" style=\"margin-bottom: 12pt; line-height: normal; background-image: initial; background-position: initial; background-size: initial; background-repeat: initial; background-attachment: initial; background-origin: initial; background-clip: initial;\"><span style=\"font-size:13.5pt;font-family:&quot;Arial&quot;,sans-serif;mso-fareast-font-family: &quot;Times New Roman&quot;;color:#2F222A;mso-fareast-language:ES\">\u201cTodo fiel tiene junto<br>\na s\u00ed un \u00e1ngel como tutor y pastor, para llevarlo a la vida\u201d, dec\u00eda San Basilio<br>\n(c. 330-379), refiri\u00e9ndose al \u00e1ngel custodio que, de acuerdo a la tradici\u00f3n,<br>\nvela por el bien y la salud espiritual de cada uno de los seres humanos.<o:p><\/o:p><\/span><\/p>\n<p class=\"MsoNormal\" style=\"margin: 15pt 0cm 12pt; line-height: normal; background-image: initial; background-position: initial; background-size: initial; background-repeat: initial; background-attachment: initial; background-origin: initial; background-clip: initial; vertical-align: top;\"><b><span style=\"font-size:20.5pt;font-family:&quot;Inter&quot;,serif; mso-fareast-font-family:&quot;Times New Roman&quot;;mso-bidi-font-family:Arial; color:#2F222A;letter-spacing:-.1pt;mso-fareast-language:ES\">Siempre a nuestro<br>\nlado. Siempre<o:p><\/o:p><\/span><\/b><\/p>\n<p class=\"MsoNormal\" style=\"margin-bottom: 12pt; line-height: normal; background-image: initial; background-position: initial; background-size: initial; background-repeat: initial; background-attachment: initial; background-origin: initial; background-clip: initial;\"><span style=\"font-size:13.5pt;font-family:&quot;Inter&quot;,serif;mso-fareast-font-family: &quot;Times New Roman&quot;;mso-bidi-font-family:&quot;Times New Roman&quot;;color:#2F222A; mso-fareast-language:ES\">San Basilio ense\u00f1a precisamente que Dios ha dispuesto<br>\nque toda alma no est\u00e9 \u201csola\u201d, sino que cuente con un protector con la misi\u00f3n<br>\nespec\u00edfica de acompa\u00f1ar y guiar a la persona a lo largo de su vida. Esta tarea<br>\nha de cumplirse desde el momento de la concepci\u00f3n hasta la hora de la muerte.<o:p><\/o:p><\/span><\/p>\n<p class=\"MsoNormal\" style=\"margin-bottom: 12pt; line-height: normal; background-image: initial; background-position: initial; background-size: initial; background-repeat: initial; background-attachment: initial; background-origin: initial; background-clip: initial;\"><span style=\"font-size:13.5pt;font-family:&quot;Inter&quot;,serif;mso-fareast-font-family: &quot;Times New Roman&quot;;mso-bidi-font-family:&quot;Times New Roman&quot;;color:#2F222A; mso-fareast-language:ES\">Nuestro \u00e1ngel custodio no nos abandona ni se aleja.<br>\nLamentablemente, la mayor parte del tiempo no somos conscientes de su<br>\npresencia. Por eso, es una santa costumbre que cada 2 de octubre recordemos y<br>\ncelebremos la fiesta de los \u00c1ngeles custodios, nuestros guardianes.<o:p><\/o:p><\/span><\/p>\n<p class=\"MsoNormal\" style=\"margin-bottom: 12pt; line-height: normal; background-image: initial; background-position: initial; background-size: initial; background-repeat: initial; background-attachment: initial; background-origin: initial; background-clip: initial;\"><span style=\"font-size:13.5pt;font-family:&quot;Inter&quot;,serif;mso-fareast-font-family: &quot;Times New Roman&quot;;mso-bidi-font-family:&quot;Times New Roman&quot;;color:#2F222A; mso-fareast-language:ES\">La palabra \u201c\u00e1ngel\u201d proviene del griego antiguo y<br>\nsignifica \u201cmensajero\u201d, o \u201cel que lleva un encargo\u201d.<o:p><\/o:p><\/span><\/p>\n<h2 style=\"margin: 15pt 0cm 12pt; background-image: initial; background-position: initial; background-size: initial; background-repeat: initial; background-attachment: initial; background-origin: initial; background-clip: initial; vertical-align: top;\"><span style=\"font-size:20.5pt; font-family:&quot;Inter&quot;,serif;color:#2F222A;letter-spacing:-.1pt\">En la Biblia<o:p><\/o:p><\/span><\/h2>\n<p style=\"margin: 0cm 0cm 12pt; background-image: initial; background-position: initial; background-size: initial; background-repeat: initial; background-attachment: initial; background-origin: initial; background-clip: initial;\"><span style=\"font-size:13.5pt; font-family:&quot;Inter&quot;,serif;color:#2F222A\">La Sagrada Escritura da cuenta de la<br>\nexistencia de los \u00e1ngeles y c\u00f3mo, en momentos cruciales de la historia de la<br>\nsalvaci\u00f3n, ellos han aparecido con el prop\u00f3sito de cumplir una misi\u00f3n especial<br>\ndada por Dios. Son creaturas como nosotros, pero gozan de una condici\u00f3n<br>\nparticular. No son seres corp\u00f3reos, y por lo tanto, no est\u00e1n sometidos a las<br>\nleyes que regulan la materia, el tiempo y el espacio.<o:p><\/o:p><\/span><\/p>\n<p style=\"margin: 0cm 0cm 12pt; background-image: initial; background-position: initial; background-size: initial; background-repeat: initial; background-attachment: initial; background-origin: initial; background-clip: initial;\"><span style=\"font-size:13.5pt; font-family:&quot;Inter&quot;,serif;color:#2F222A\">Los \u00e1ngeles custodios son los<br>\nesp\u00edritus celestiales de los que habla el Salmo 90: \u00abA sus \u00e1ngeles ha dado<br>\n\u00f3rdenes Dios para que te guarden en tus caminos\u00bb; y de los que da cuenta<br>\nel Evangelio cuando, por ejemplo, Jes\u00fas dice: \u00abCu\u00eddense de despreciar a<br>\ncualquiera de estos peque\u00f1os, porque les aseguro que sus \u00e1ngeles en el cielo<br>\nest\u00e1n constantemente en presencia de mi Padre celestial\u00bb (Mt 18,10).<\/span><\/p><h2 style=\"margin: 15pt 0cm 12pt; background-image: initial; background-position: initial; background-size: initial; background-repeat: initial; background-attachment: initial; background-origin: initial; background-clip: initial; vertical-align: top;\"><span style=\"font-size:20.5pt;font-family:&quot;Inter&quot;,serif;color:#2F222A;letter-spacing: -.1pt\">\n<p>En la tradici\u00f3n<o:p><\/o:p><\/p><\/span><\/h2>\n<p style=\"margin: 0cm 0cm 12pt; background-image: initial; background-position: initial; background-size: initial; background-repeat: initial; background-attachment: initial; background-origin: initial; background-clip: initial;\"><span style=\"font-size:13.5pt; font-family:&quot;Inter&quot;,serif;color:#2F222A\">San Agust\u00edn dice respecto a ellos:<br>\n\u00abEl nombre de \u00e1ngel indica su oficio, no su naturaleza. Si preguntas por<br>\nsu naturaleza, te dir\u00e9 que es un esp\u00edritu; si preguntas por lo que hace, te<br>\ndir\u00e9 que es un \u00e1ngel\u00bb.<o:p><\/o:p><\/span><\/p>\n<p style=\"margin: 0cm 0cm 12pt; background-image: initial; background-position: initial; background-size: initial; background-repeat: initial; background-attachment: initial; background-origin: initial; background-clip: initial;\"><span style=\"font-size:13.5pt; font-family:&quot;Inter&quot;,serif;color:#2F222A\">Ense\u00f1a, adem\u00e1s, el Catecismo de la<br>\nIglesia Cat\u00f3lica (CIC, 329): \u00abLos \u00e1ngeles son servidores y mensajeros de<br>\nDios. Porque contemplan &#8216;constantemente el rostro de mi Padre que est\u00e1 en los<br>\ncielos&#8217; (Mt 18, 10), son &#8216;agentes de sus \u00f3rdenes, atentos a la voz de su<br>\npalabra&#8217; (Sal 103,20)\u201d.<o:p><\/o:p><\/span><\/p>\n<p><\/p>\n<p class=\"MsoNormal\"><o:p>&nbsp;<\/o:p><\/p>\t\t\t\t\t\t\t\t<\/div>\n\t\t\t\t<\/div>\n\t\t\t\t\t<\/div>\n\t\t<\/div>\n\t\t\t\t\t<\/div>\n\t\t<\/section>\n\t\t\t\t<\/div>\n\t\t","protected":false},"excerpt":{"rendered":"<div class=\"mh-excerpt\"><p>Los \u00e1ngeles custodios \u201cTodo fiel tiene junto a s\u00ed un \u00e1ngel como tutor y pastor, para llevarlo a la vida\u201d, dec\u00eda San Basilio (c. 330-379), refiri\u00e9ndose al \u00e1ngel custodio que, de acuerdo a la tradici\u00f3n, <a class=\"mh-excerpt-more\" href=\"https:\/\/www.cambiatumundo.org\/?page_id=1828\" title=\"Los \u00c1ngeles Custodios\">[&#8230;]<\/a><\/p>\n<\/div>","protected":false},"author":1,"featured_media":0,"parent":0,"menu_order":0,"comment_status":"closed","ping_status":"closed","template":"elementor_header_footer","meta":{"footnotes":""},"yoast_head":"<!-- This site is optimized with the Yoast SEO plugin v22.6 - https:\/\/yoast.com\/wordpress\/plugins\/seo\/ -->\n<title>Los \u00c1ngeles Custodios - Cambia tu mundo - Empieza por ti<\/title>\n<meta name=\"robots\" content=\"index, follow, max-snippet:-1, max-image-preview:large, max-video-preview:-1\" \/>\n<link rel=\"canonical\" href=\"https:\/\/www.cambiatumundo.org\/?page_id=1828\" \/>\n<meta property=\"og:locale\" content=\"es_ES\" \/>\n<meta property=\"og:type\" content=\"article\" \/>\n<meta property=\"og:title\" content=\"Los \u00c1ngeles Custodios - Cambia tu mundo - Empieza por ti\" \/>\n<meta property=\"og:description\" content=\"Los \u00e1ngeles custodios \u201cTodo fiel tiene junto a s\u00ed un \u00e1ngel como tutor y pastor, para llevarlo a la vida\u201d, dec\u00eda San Basilio (c. 330-379), refiri\u00e9ndose al \u00e1ngel custodio que, de acuerdo a la tradici\u00f3n, [...]\" \/>\n<meta property=\"og:url\" content=\"https:\/\/www.cambiatumundo.org\/?page_id=1828\" \/>\n<meta property=\"og:site_name\" content=\"Cambia tu mundo - Empieza por ti\" \/>\n<meta property=\"article:modified_time\" content=\"2023-10-07T12:12:12+00:00\" \/>\n<meta name=\"twitter:card\" content=\"summary_large_image\" \/>\n<meta name=\"twitter:label1\" content=\"Tiempo de lectura\" \/>\n\t<meta name=\"twitter:data1\" content=\"2 minutos\" \/>\n<script type=\"application\/ld+json\" class=\"yoast-schema-graph\">{\"@context\":\"https:\/\/schema.org\",\"@graph\":[{\"@type\":\"WebPage\",\"@id\":\"https:\/\/www.cambiatumundo.org\/?page_id=1828\",\"url\":\"https:\/\/www.cambiatumundo.org\/?page_id=1828\",\"name\":\"Los \u00c1ngeles Custodios - Cambia tu mundo - Empieza por ti\",\"isPartOf\":{\"@id\":\"https:\/\/www.cambiatumundo.org\/#website\"},\"datePublished\":\"2023-10-07T12:09:12+00:00\",\"dateModified\":\"2023-10-07T12:12:12+00:00\",\"breadcrumb\":{\"@id\":\"https:\/\/www.cambiatumundo.org\/?page_id=1828#breadcrumb\"},\"inLanguage\":\"es\",\"potentialAction\":[{\"@type\":\"ReadAction\",\"target\":[\"https:\/\/www.cambiatumundo.org\/?page_id=1828\"]}]},{\"@type\":\"BreadcrumbList\",\"@id\":\"https:\/\/www.cambiatumundo.org\/?page_id=1828#breadcrumb\",\"itemListElement\":[{\"@type\":\"ListItem\",\"position\":1,\"name\":\"Portada\",\"item\":\"https:\/\/www.cambiatumundo.org\/\"},{\"@type\":\"ListItem\",\"position\":2,\"name\":\"Los \u00c1ngeles Custodios\"}]},{\"@type\":\"WebSite\",\"@id\":\"https:\/\/www.cambiatumundo.org\/#website\",\"url\":\"https:\/\/www.cambiatumundo.org\/\",\"name\":\"Cambia tu mundo - Empieza por ti\",\"description\":\"la web de las personas que creen que un mundo mejor es posible\",\"publisher\":{\"@id\":\"https:\/\/www.cambiatumundo.org\/#organization\"},\"potentialAction\":[{\"@type\":\"SearchAction\",\"target\":{\"@type\":\"EntryPoint\",\"urlTemplate\":\"https:\/\/www.cambiatumundo.org\/?s={search_term_string}\"},\"query-input\":\"required name=search_term_string\"}],\"inLanguage\":\"es\"},{\"@type\":\"Organization\",\"@id\":\"https:\/\/www.cambiatumundo.org\/#organization\",\"name\":\"Ateneo Digital\",\"url\":\"https:\/\/www.cambiatumundo.org\/\",\"logo\":{\"@type\":\"ImageObject\",\"inLanguage\":\"es\",\"@id\":\"https:\/\/www.cambiatumundo.org\/#\/schema\/logo\/image\/\",\"url\":\"https:\/\/www.cambiatumundo.org\/wp-content\/uploads\/2022\/04\/cropped-LOGO-RAMON-e1648989857352.png\",\"contentUrl\":\"https:\/\/www.cambiatumundo.org\/wp-content\/uploads\/2022\/04\/cropped-LOGO-RAMON-e1648989857352.png\",\"width\":82,\"height\":84,\"caption\":\"Ateneo Digital\"},\"image\":{\"@id\":\"https:\/\/www.cambiatumundo.org\/#\/schema\/logo\/image\/\"},\"sameAs\":[\"https:\/\/www.instagram.com\/ramonhornurena\/\"]}]}<\/script>\n<!-- \/ Yoast SEO plugin. -->","yoast_head_json":{"title":"Los \u00c1ngeles Custodios - Cambia tu mundo - Empieza por ti","robots":{"index":"index","follow":"follow","max-snippet":"max-snippet:-1","max-image-preview":"max-image-preview:large","max-video-preview":"max-video-preview:-1"},"canonical":"https:\/\/www.cambiatumundo.org\/?page_id=1828","og_locale":"es_ES","og_type":"article","og_title":"Los \u00c1ngeles Custodios - Cambia tu mundo - Empieza por ti","og_description":"Los \u00e1ngeles custodios \u201cTodo fiel tiene junto a s\u00ed un \u00e1ngel como tutor y pastor, para llevarlo a la vida\u201d, dec\u00eda San Basilio (c. 330-379), refiri\u00e9ndose al \u00e1ngel custodio que, de acuerdo a la tradici\u00f3n, [...]","og_url":"https:\/\/www.cambiatumundo.org\/?page_id=1828","og_site_name":"Cambia tu mundo - Empieza por ti","article_modified_time":"2023-10-07T12:12:12+00:00","twitter_card":"summary_large_image","twitter_misc":{"Tiempo de lectura":"2 minutos"},"schema":{"@context":"https:\/\/schema.org","@graph":[{"@type":"WebPage","@id":"https:\/\/www.cambiatumundo.org\/?page_id=1828","url":"https:\/\/www.cambiatumundo.org\/?page_id=1828","name":"Los \u00c1ngeles Custodios - Cambia tu mundo - Empieza por ti","isPartOf":{"@id":"https:\/\/www.cambiatumundo.org\/#website"},"datePublished":"2023-10-07T12:09:12+00:00","dateModified":"2023-10-07T12:12:12+00:00","breadcrumb":{"@id":"https:\/\/www.cambiatumundo.org\/?page_id=1828#breadcrumb"},"inLanguage":"es","potentialAction":[{"@type":"ReadAction","target":["https:\/\/www.cambiatumundo.org\/?page_id=1828"]}]},{"@type":"BreadcrumbList","@id":"https:\/\/www.cambiatumundo.org\/?page_id=1828#breadcrumb","itemListElement":[{"@type":"ListItem","position":1,"name":"Portada","item":"https:\/\/www.cambiatumundo.org\/"},{"@type":"ListItem","position":2,"name":"Los \u00c1ngeles Custodios"}]},{"@type":"WebSite","@id":"https:\/\/www.cambiatumundo.org\/#website","url":"https:\/\/www.cambiatumundo.org\/","name":"Cambia tu mundo - Empieza por ti","description":"la web de las personas que creen que un mundo mejor es posible","publisher":{"@id":"https:\/\/www.cambiatumundo.org\/#organization"},"potentialAction":[{"@type":"SearchAction","target":{"@type":"EntryPoint","urlTemplate":"https:\/\/www.cambiatumundo.org\/?s={search_term_string}"},"query-input":"required name=search_term_string"}],"inLanguage":"es"},{"@type":"Organization","@id":"https:\/\/www.cambiatumundo.org\/#organization","name":"Ateneo Digital","url":"https:\/\/www.cambiatumundo.org\/","logo":{"@type":"ImageObject","inLanguage":"es","@id":"https:\/\/www.cambiatumundo.org\/#\/schema\/logo\/image\/","url":"https:\/\/www.cambiatumundo.org\/wp-content\/uploads\/2022\/04\/cropped-LOGO-RAMON-e1648989857352.png","contentUrl":"https:\/\/www.cambiatumundo.org\/wp-content\/uploads\/2022\/04\/cropped-LOGO-RAMON-e1648989857352.png","width":82,"height":84,"caption":"Ateneo Digital"},"image":{"@id":"https:\/\/www.cambiatumundo.org\/#\/schema\/logo\/image\/"},"sameAs":["https:\/\/www.instagram.com\/ramonhornurena\/"]}]}},"_links":{"self":[{"href":"https:\/\/www.cambiatumundo.org\/index.php?rest_route=\/wp\/v2\/pages\/1828"}],"collection":[{"href":"https:\/\/www.cambiatumundo.org\/index.php?rest_route=\/wp\/v2\/pages"}],"about":[{"href":"https:\/\/www.cambiatumundo.org\/index.php?rest_route=\/wp\/v2\/types\/page"}],"author":[{"embeddable":true,"href":"https:\/\/www.cambiatumundo.org\/index.php?rest_route=\/wp\/v2\/users\/1"}],"replies":[{"embeddable":true,"href":"https:\/\/www.cambiatumundo.org\/index.php?rest_route=%2Fwp%2Fv2%2Fcomments&post=1828"}],"version-history":[{"count":5,"href":"https:\/\/www.cambiatumundo.org\/index.php?rest_route=\/wp\/v2\/pages\/1828\/revisions"}],"predecessor-version":[{"id":1834,"href":"https:\/\/www.cambiatumundo.org\/index.php?rest_route=\/wp\/v2\/pages\/1828\/revisions\/1834"}],"wp:attachment":[{"href":"https:\/\/www.cambiatumundo.org\/index.php?rest_route=%2Fwp%2Fv2%2Fmedia&parent=1828"}],"curies":[{"name":"wp","href":"https:\/\/api.w.org\/{rel}","templated":true}]}}