{"id":2,"date":"2020-09-19T16:49:52","date_gmt":"2020-09-19T16:49:52","guid":{"rendered":"http:\/\/www.cambiatumundo.org\/?page_id=2"},"modified":"2023-10-07T16:55:32","modified_gmt":"2023-10-07T16:55:32","slug":"inicio","status":"publish","type":"page","link":"https:\/\/www.cambiatumundo.org\/","title":{"rendered":"EN PORTADA"},"content":{"rendered":"\t\t<div data-elementor-type=\"wp-page\" data-elementor-id=\"2\" class=\"elementor elementor-2\">\n\t\t\t\t\t\t<section class=\"elementor-section elementor-top-section elementor-element elementor-element-2958ae12 elementor-section-boxed elementor-section-height-default elementor-section-height-default\" data-id=\"2958ae12\" data-element_type=\"section\">\n\t\t\t\t\t\t<div class=\"elementor-container elementor-column-gap-default\">\n\t\t\t\t\t<div class=\"elementor-column elementor-col-100 elementor-top-column elementor-element elementor-element-75b9007\" data-id=\"75b9007\" data-element_type=\"column\">\n\t\t\t<div class=\"elementor-widget-wrap elementor-element-populated\">\n\t\t\t\t\t\t<div class=\"elementor-element elementor-element-079446c elementor-widget elementor-widget-heading\" data-id=\"079446c\" data-element_type=\"widget\" data-widget_type=\"heading.default\">\n\t\t\t\t<div class=\"elementor-widget-container\">\n\t\t\t\t\t<h2 class=\"elementor-heading-title elementor-size-default\"><a href=\"https:\/\/www.cambiatumundo.org\/?page_id=1828\"><b>Los \u00e1ngeles custodios<\/b><\/a><\/h2>\t\t\t\t<\/div>\n\t\t\t\t<\/div>\n\t\t\t\t<div class=\"elementor-element elementor-element-354c28d elementor-widget elementor-widget-image\" data-id=\"354c28d\" data-element_type=\"widget\" data-widget_type=\"image.default\">\n\t\t\t\t<div class=\"elementor-widget-container\">\n\t\t\t\t\t\t\t\t\t\t\t\t<figure class=\"wp-caption\">\n\t\t\t\t\t\t\t\t\t\t<img decoding=\"async\" width=\"150\" height=\"150\" src=\"https:\/\/www.cambiatumundo.org\/wp-content\/uploads\/2023\/10\/descarga-150x150.jpg\" class=\"attachment-thumbnail size-thumbnail wp-image-1780\" alt=\"\" \/>\t\t\t\t\t\t\t\t\t\t\t<figcaption class=\"widget-image-caption wp-caption-text\"><\/figcaption>\n\t\t\t\t\t\t\t\t\t\t<\/figure>\n\t\t\t\t\t\t\t\t\t<\/div>\n\t\t\t\t<\/div>\n\t\t\t\t<div class=\"elementor-element elementor-element-9e41650 elementor-widget elementor-widget-heading\" data-id=\"9e41650\" data-element_type=\"widget\" data-widget_type=\"heading.default\">\n\t\t\t\t<div class=\"elementor-widget-container\">\n\t\t\t\t\t<h2 class=\"elementor-heading-title elementor-size-default\"><a href=\"https:\/\/www.cambiatumundo.org\/?p=1693\">Cada d\u00eda somos m\u00e1s mundanos <\/a><\/h2>\t\t\t\t<\/div>\n\t\t\t\t<\/div>\n\t\t\t\t<div class=\"elementor-element elementor-element-d86789b elementor-widget elementor-widget-image\" data-id=\"d86789b\" data-element_type=\"widget\" data-widget_type=\"image.default\">\n\t\t\t\t<div class=\"elementor-widget-container\">\n\t\t\t\t\t\t\t\t\t\t\t\t\t\t\t<img decoding=\"async\" width=\"150\" height=\"150\" src=\"https:\/\/www.cambiatumundo.org\/wp-content\/uploads\/2021\/10\/politica-150x150.jpg\" class=\"attachment-thumbnail size-thumbnail wp-image-1370\" alt=\"\" \/>\t\t\t\t\t\t\t\t\t\t\t\t\t\t\t<\/div>\n\t\t\t\t<\/div>\n\t\t\t\t\t<\/div>\n\t\t<\/div>\n\t\t\t\t\t<\/div>\n\t\t<\/section>\n\t\t\t\t<\/div>\n\t\t","protected":false},"excerpt":{"rendered":"<div class=\"mh-excerpt\"><p>Los \u00e1ngeles custodios Cada d\u00eda somos m\u00e1s mundanos<\/p>\n<\/div>","protected":false},"author":1,"featured_media":0,"parent":0,"menu_order":0,"comment_status":"closed","ping_status":"closed","template":"template-full.php","meta":{"footnotes":""},"yoast_head":"<!-- This site is optimized with the Yoast SEO plugin v22.6 - https:\/\/yoast.com\/wordpress\/plugins\/seo\/ -->\n<title>EN PORTADA - % La wed de las personas que creen que un mundo mejor es posible<\/title>\n<meta name=\"description\" content=\"Colabora para hacer de este mundo un lugar mejor donde vivir Cambia tu mundo - Empieza por ti\" \/>\n<meta name=\"robots\" content=\"index, nofollow, max-snippet:-1, max-image-preview:large, max-video-preview:-1\" \/>\n<link rel=\"canonical\" href=\"https:\/\/www.cambiatumundo.org\/\" \/>\n<meta property=\"og:locale\" content=\"es_ES\" \/>\n<meta property=\"og:type\" content=\"article\" \/>\n<meta property=\"og:title\" content=\"Cambia tu mundo\" \/>\n<meta property=\"og:description\" content=\"Web dedicada a los que quieren hacer algo nuevo en el mundo para mejorarlo\" \/>\n<meta property=\"og:url\" content=\"https:\/\/www.cambiatumundo.org\/\" \/>\n<meta property=\"og:site_name\" content=\"Cambia tu mundo - Empieza por ti\" \/>\n<meta property=\"article:modified_time\" content=\"2023-10-07T16:55:32+00:00\" \/>\n<meta property=\"og:image\" content=\"https:\/\/www.cambiatumundo.org\/wp-content\/uploads\/2023\/10\/descarga-150x150.jpg\" \/>\n<meta name=\"twitter:card\" content=\"summary_large_image\" \/>\n<meta name=\"twitter:title\" content=\"Cambia tu mundo\" \/>\n<meta name=\"twitter:description\" content=\"Web dedicada a los que quieren hacer algo nuevo en el mundo para mejorarlo\" \/>\n<meta name=\"twitter:label1\" content=\"Tiempo de lectura\" \/>\n\t<meta name=\"twitter:data1\" content=\"1 minuto\" \/>\n<script type=\"application\/ld+json\" class=\"yoast-schema-graph\">{\"@context\":\"https:\/\/schema.org\",\"@graph\":[{\"@type\":\"WebPage\",\"@id\":\"https:\/\/www.cambiatumundo.org\/\",\"url\":\"https:\/\/www.cambiatumundo.org\/\",\"name\":\"EN PORTADA - % La wed de las personas que creen que un mundo mejor es posible\",\"isPartOf\":{\"@id\":\"https:\/\/www.cambiatumundo.org\/#website\"},\"primaryImageOfPage\":{\"@id\":\"https:\/\/www.cambiatumundo.org\/#primaryimage\"},\"image\":{\"@id\":\"https:\/\/www.cambiatumundo.org\/#primaryimage\"},\"thumbnailUrl\":\"https:\/\/www.cambiatumundo.org\/wp-content\/uploads\/2023\/10\/descarga-150x150.jpg\",\"datePublished\":\"2020-09-19T16:49:52+00:00\",\"dateModified\":\"2023-10-07T16:55:32+00:00\",\"description\":\"Colabora para hacer de este mundo un lugar mejor donde vivir Cambia tu mundo - Empieza por ti\",\"breadcrumb\":{\"@id\":\"https:\/\/www.cambiatumundo.org\/#breadcrumb\"},\"inLanguage\":\"es\",\"potentialAction\":[{\"@type\":\"ReadAction\",\"target\":[\"https:\/\/www.cambiatumundo.org\/\"]}]},{\"@type\":\"ImageObject\",\"inLanguage\":\"es\",\"@id\":\"https:\/\/www.cambiatumundo.org\/#primaryimage\",\"url\":\"https:\/\/www.cambiatumundo.org\/wp-content\/uploads\/2023\/10\/descarga.jpg\",\"contentUrl\":\"https:\/\/www.cambiatumundo.org\/wp-content\/uploads\/2023\/10\/descarga.jpg\",\"width\":182,\"height\":277},{\"@type\":\"BreadcrumbList\",\"@id\":\"https:\/\/www.cambiatumundo.org\/#breadcrumb\",\"itemListElement\":[{\"@type\":\"ListItem\",\"position\":1,\"name\":\"Portada\",\"item\":\"https:\/\/www.cambiatumundo.org\/\"},{\"@type\":\"ListItem\",\"position\":2,\"name\":\"EN PORTADA\"}]},{\"@type\":\"WebSite\",\"@id\":\"https:\/\/www.cambiatumundo.org\/#website\",\"url\":\"https:\/\/www.cambiatumundo.org\/\",\"name\":\"Cambia tu mundo - Empieza por ti\",\"description\":\"la web de las personas que creen que un mundo mejor es posible\",\"publisher\":{\"@id\":\"https:\/\/www.cambiatumundo.org\/#organization\"},\"potentialAction\":[{\"@type\":\"SearchAction\",\"target\":{\"@type\":\"EntryPoint\",\"urlTemplate\":\"https:\/\/www.cambiatumundo.org\/?s={search_term_string}\"},\"query-input\":\"required name=search_term_string\"}],\"inLanguage\":\"es\"},{\"@type\":\"Organization\",\"@id\":\"https:\/\/www.cambiatumundo.org\/#organization\",\"name\":\"Ateneo Digital\",\"url\":\"https:\/\/www.cambiatumundo.org\/\",\"logo\":{\"@type\":\"ImageObject\",\"inLanguage\":\"es\",\"@id\":\"https:\/\/www.cambiatumundo.org\/#\/schema\/logo\/image\/\",\"url\":\"https:\/\/www.cambiatumundo.org\/wp-content\/uploads\/2022\/04\/cropped-LOGO-RAMON-e1648989857352.png\",\"contentUrl\":\"https:\/\/www.cambiatumundo.org\/wp-content\/uploads\/2022\/04\/cropped-LOGO-RAMON-e1648989857352.png\",\"width\":82,\"height\":84,\"caption\":\"Ateneo Digital\"},\"image\":{\"@id\":\"https:\/\/www.cambiatumundo.org\/#\/schema\/logo\/image\/\"},\"sameAs\":[\"https:\/\/www.instagram.com\/ramonhornurena\/\"]}]}<\/script>\n<!-- \/ Yoast SEO plugin. -->","yoast_head_json":{"title":"EN PORTADA - % La wed de las personas que creen que un mundo mejor es posible","description":"Colabora para hacer de este mundo un lugar mejor donde vivir Cambia tu mundo - Empieza por ti","robots":{"index":"index","follow":"nofollow","max-snippet":"max-snippet:-1","max-image-preview":"max-image-preview:large","max-video-preview":"max-video-preview:-1"},"canonical":"https:\/\/www.cambiatumundo.org\/","og_locale":"es_ES","og_type":"article","og_title":"Cambia tu mundo","og_description":"Web dedicada a los que quieren hacer algo nuevo en el mundo para mejorarlo","og_url":"https:\/\/www.cambiatumundo.org\/","og_site_name":"Cambia tu mundo - Empieza por ti","article_modified_time":"2023-10-07T16:55:32+00:00","og_image":[{"url":"https:\/\/www.cambiatumundo.org\/wp-content\/uploads\/2023\/10\/descarga-150x150.jpg"}],"twitter_card":"summary_large_image","twitter_title":"Cambia tu mundo","twitter_description":"Web dedicada a los que quieren hacer algo nuevo en el mundo para mejorarlo","twitter_misc":{"Tiempo de lectura":"1 minuto"},"schema":{"@context":"https:\/\/schema.org","@graph":[{"@type":"WebPage","@id":"https:\/\/www.cambiatumundo.org\/","url":"https:\/\/www.cambiatumundo.org\/","name":"EN PORTADA - % La wed de las personas que creen que un mundo mejor es posible","isPartOf":{"@id":"https:\/\/www.cambiatumundo.org\/#website"},"primaryImageOfPage":{"@id":"https:\/\/www.cambiatumundo.org\/#primaryimage"},"image":{"@id":"https:\/\/www.cambiatumundo.org\/#primaryimage"},"thumbnailUrl":"https:\/\/www.cambiatumundo.org\/wp-content\/uploads\/2023\/10\/descarga-150x150.jpg","datePublished":"2020-09-19T16:49:52+00:00","dateModified":"2023-10-07T16:55:32+00:00","description":"Colabora para hacer de este mundo un lugar mejor donde vivir Cambia tu mundo - Empieza por ti","breadcrumb":{"@id":"https:\/\/www.cambiatumundo.org\/#breadcrumb"},"inLanguage":"es","potentialAction":[{"@type":"ReadAction","target":["https:\/\/www.cambiatumundo.org\/"]}]},{"@type":"ImageObject","inLanguage":"es","@id":"https:\/\/www.cambiatumundo.org\/#primaryimage","url":"https:\/\/www.cambiatumundo.org\/wp-content\/uploads\/2023\/10\/descarga.jpg","contentUrl":"https:\/\/www.cambiatumundo.org\/wp-content\/uploads\/2023\/10\/descarga.jpg","width":182,"height":277},{"@type":"BreadcrumbList","@id":"https:\/\/www.cambiatumundo.org\/#breadcrumb","itemListElement":[{"@type":"ListItem","position":1,"name":"Portada","item":"https:\/\/www.cambiatumundo.org\/"},{"@type":"ListItem","position":2,"name":"EN PORTADA"}]},{"@type":"WebSite","@id":"https:\/\/www.cambiatumundo.org\/#website","url":"https:\/\/www.cambiatumundo.org\/","name":"Cambia tu mundo - Empieza por ti","description":"la web de las personas que creen que un mundo mejor es posible","publisher":{"@id":"https:\/\/www.cambiatumundo.org\/#organization"},"potentialAction":[{"@type":"SearchAction","target":{"@type":"EntryPoint","urlTemplate":"https:\/\/www.cambiatumundo.org\/?s={search_term_string}"},"query-input":"required name=search_term_string"}],"inLanguage":"es"},{"@type":"Organization","@id":"https:\/\/www.cambiatumundo.org\/#organization","name":"Ateneo Digital","url":"https:\/\/www.cambiatumundo.org\/","logo":{"@type":"ImageObject","inLanguage":"es","@id":"https:\/\/www.cambiatumundo.org\/#\/schema\/logo\/image\/","url":"https:\/\/www.cambiatumundo.org\/wp-content\/uploads\/2022\/04\/cropped-LOGO-RAMON-e1648989857352.png","contentUrl":"https:\/\/www.cambiatumundo.org\/wp-content\/uploads\/2022\/04\/cropped-LOGO-RAMON-e1648989857352.png","width":82,"height":84,"caption":"Ateneo Digital"},"image":{"@id":"https:\/\/www.cambiatumundo.org\/#\/schema\/logo\/image\/"},"sameAs":["https:\/\/www.instagram.com\/ramonhornurena\/"]}]}},"_links":{"self":[{"href":"https:\/\/www.cambiatumundo.org\/index.php?rest_route=\/wp\/v2\/pages\/2"}],"collection":[{"href":"https:\/\/www.cambiatumundo.org\/index.php?rest_route=\/wp\/v2\/pages"}],"about":[{"href":"https:\/\/www.cambiatumundo.org\/index.php?rest_route=\/wp\/v2\/types\/page"}],"author":[{"embeddable":true,"href":"https:\/\/www.cambiatumundo.org\/index.php?rest_route=\/wp\/v2\/users\/1"}],"replies":[{"embeddable":true,"href":"https:\/\/www.cambiatumundo.org\/index.php?rest_route=%2Fwp%2Fv2%2Fcomments&post=2"}],"version-history":[{"count":185,"href":"https:\/\/www.cambiatumundo.org\/index.php?rest_route=\/wp\/v2\/pages\/2\/revisions"}],"predecessor-version":[{"id":1878,"href":"https:\/\/www.cambiatumundo.org\/index.php?rest_route=\/wp\/v2\/pages\/2\/revisions\/1878"}],"wp:attachment":[{"href":"https:\/\/www.cambiatumundo.org\/index.php?rest_route=%2Fwp%2Fv2%2Fmedia&parent=2"}],"curies":[{"name":"wp","href":"https:\/\/api.w.org\/{rel}","templated":true}]}}