{"id":303,"date":"2020-11-17T17:25:54","date_gmt":"2020-11-17T17:25:54","guid":{"rendered":"https:\/\/www.cambiatumundo.org\/?page_id=303"},"modified":"2021-12-29T20:42:53","modified_gmt":"2021-12-29T20:42:53","slug":"colaboracion","status":"publish","type":"page","link":"https:\/\/www.cambiatumundo.org\/?page_id=303","title":{"rendered":"Colabora"},"content":{"rendered":"\n<p><strong>En estos tiempos se habla demasiado de activismo:<\/strong><\/p>\n\n\n\n<p>Existen variedades de activismos: pol\u00edtico, ecologista, feminista, etc.<\/p>\n\n\n\n<p>Sin embargo, creo que falta es principalmente la \u00abactividad espiritual\u00bb.<\/p>\n\n\n\n<p>Adem\u00e1s, antes de actuar, ya que somos seres racionales, personas, debemos sentarnos a meditar serenamente antes de dejarnos llevar por nuestros instintos primarios y dedicar tiempo a la oraci\u00f3n si somos creyentes. Ya que, de lo contrario, podremos caer en un activismo descabezado que es lo que est\u00e1 llevando a la sociedad a olvidarse de tantos valores espirituales que tenemos las personas.<\/p>\n\n\n\n<p>Lo que necesitamos actualmente de forma urgente es una \u00abrevoluci\u00f3n espiritual\u00bb (Dalai Lama).<\/p>\n\n\n\n<p>Debemos crecer primero hacia dentro, impregnarnos de espiritualidad, antes de lanzarnos a la acci\u00f3n. Y cuando comencemos a actuar socialmente, no perdamos jam\u00e1s de vista el punto de vista espiritual de nuestra tarea, ya que todo lo debemos de hacer por las criaturas, por las personas. Si luchamos por un mundo m\u00e1s limpio, lo debemos hacer no por \u00abla naturaleza\u00bb, como si \u00e9sta fuera un fin en s\u00ed misma. No. El fin es que reine la armon\u00eda en nuestra vida, primero, y en todo el planeta.<\/p>\n\n\n\n<p>A tal fin, debemos de luchar, sin descanso; ser activistas que cambien el mundo desde un punto de vista espiritual, en profundidad. No nos dejemos contaminar por la pesimista idea de que nada podemos hacer, que todo est\u00e1 en manos de \u00ablos grandes\u00bb del mundo.<\/p>\n\n\n\n<p>Miremos la historia. Siempre han sido una o pocas personas las que han empezado las revoluciones, y las ideas han sido el motor de las mismas, no el dinero ni el poder.<\/p>\n\n\n\n<p>Actualmente contamos con m\u00e1s herramientas que ninguno de nuestros antecesores para cambiar el mundo \u2014para mejorarlo\u2014.<\/p>\n\n\n\n<p>Est\u00e1 internet, los peri\u00f3dicos, la TV y la radio, las ONG, etc., etc.<\/p>\n\n\n\n<p>Si pensamos un poco, seguro que se nos ocurren m\u00faltiples maneras de colaborar, de actuar socialmente para lograr cambios significativos, poco a poco, en el mundo, y llevarlo a una nueva era de paz y prosperidad, en este tercer milenio que ahora comenzamos.<\/p>\n\n\n\n<p>Si deseas comenzar a colaborar con nuestra organizaci\u00f3n puedes hacerlo, por ejemplo:<\/p>\n\n\n\n<ul><li>Con un art\u00edculo sobre cualquier tema.  <\/li><li>Una idea para ayudar a cambiar nuestro mundo (un granito de arena).<\/li><li>Colaborar con nuestra asociaci\u00f3n Ateneo Digital.<\/li><li>Solicitar ser socio de nuestra Asociaci\u00f3n. Actualmente no existe cuota obligatoria.<\/li><li>Nuestro correo es ramonhorn2@gmail.com<\/li><\/ul>\n\n\n\n<h2 class=\"wp-block-heading\" id=\"h-o-de-cualquier-otro-modo\"> O de cualquier otro modo,<\/h2>\n\n\n\n<h2 class=\"wp-block-heading\" id=\"h-rem-tanos-un-correo-electr-nico\"> rem\u00edtanos un correo electr\u00f3nico:<\/h2>\n\n\n\n<p>Puede copiar y pegar su texto en \u00absu mensaje\u00bb. Puede incluir enlaces, correos electr\u00f3nicos, im\u00e1genes, etc. <\/p>\n\n\n\n<p>Por favor, respete los derechos de autor en textos e im\u00e1genes, ya que pueden estar sujetos a los derechos de autor.<\/p>\n\n\n\n<div class=\"wp-block-contact-form-7-contact-form-selector\">\n<div class=\"wpcf7 no-js\" id=\"wpcf7-f1354-o1\" lang=\"es-ES\" dir=\"ltr\">\n<div class=\"screen-reader-response\"><p role=\"status\" aria-live=\"polite\" aria-atomic=\"true\"><\/p> <ul><\/ul><\/div>\n<form action=\"\/index.php?rest_route=%2Fwp%2Fv2%2Fpages%2F303#wpcf7-f1354-o1\" method=\"post\" class=\"wpcf7-form init\" aria-label=\"Formulario de contacto\" novalidate=\"novalidate\" data-status=\"init\">\n<div style=\"display: none;\">\n<input type=\"hidden\" name=\"_wpcf7\" value=\"1354\" \/>\n<input type=\"hidden\" name=\"_wpcf7_version\" value=\"5.9.8\" \/>\n<input type=\"hidden\" name=\"_wpcf7_locale\" value=\"es_ES\" \/>\n<input type=\"hidden\" name=\"_wpcf7_unit_tag\" value=\"wpcf7-f1354-o1\" \/>\n<input type=\"hidden\" name=\"_wpcf7_container_post\" value=\"0\" \/>\n<input type=\"hidden\" name=\"_wpcf7_posted_data_hash\" value=\"\" \/>\n<\/div>\n<p><label> Tu nombre<br \/>\n<span class=\"wpcf7-form-control-wrap\" data-name=\"your-name\"><input size=\"40\" maxlength=\"400\" class=\"wpcf7-form-control wpcf7-text wpcf7-validates-as-required\" aria-required=\"true\" aria-invalid=\"false\" value=\"\" type=\"text\" name=\"your-name\" \/><\/span> <\/label>\n<\/p>\n<p><label> Tu correo electr\u00f3nico<br \/>\n<span class=\"wpcf7-form-control-wrap\" data-name=\"your-email\"><input size=\"40\" maxlength=\"400\" class=\"wpcf7-form-control wpcf7-email wpcf7-validates-as-required wpcf7-text wpcf7-validates-as-email\" aria-required=\"true\" aria-invalid=\"false\" value=\"\" type=\"email\" name=\"your-email\" \/><\/span> <\/label>\n<\/p>\n<p><label> Asunto<br \/>\n<span class=\"wpcf7-form-control-wrap\" data-name=\"your-subject\"><input size=\"40\" maxlength=\"400\" class=\"wpcf7-form-control wpcf7-text wpcf7-validates-as-required\" aria-required=\"true\" aria-invalid=\"false\" value=\"\" type=\"text\" name=\"your-subject\" \/><\/span> <\/label>\n<\/p>\n<p><label> Tu mensaje<br \/>\n<span class=\"wpcf7-form-control-wrap\" data-name=\"your-message\"><textarea cols=\"40\" rows=\"10\" maxlength=\"2000\" class=\"wpcf7-form-control wpcf7-textarea wpcf7-validates-as-required\" aria-required=\"true\" aria-invalid=\"false\" name=\"your-message\"><\/textarea><\/span> <\/label>\n<\/p>\n<p><input class=\"wpcf7-form-control wpcf7-submit has-spinner\" type=\"submit\" value=\"Enviar\" \/>\n<\/p><p style=\"display: none !important;\" class=\"akismet-fields-container\" data-prefix=\"_wpcf7_ak_\"><label>&#916;<textarea name=\"_wpcf7_ak_hp_textarea\" cols=\"45\" rows=\"8\" maxlength=\"100\"><\/textarea><\/label><input type=\"hidden\" id=\"ak_js_1\" name=\"_wpcf7_ak_js\" value=\"72\"\/><script type=\"text\/javascript\">\ndocument.getElementById( \"ak_js_1\" ).setAttribute( \"value\", ( new Date() ).getTime() );\n<\/script>\n<\/p><div class=\"wpcf7-response-output\" aria-hidden=\"true\"><\/div>\n<\/form>\n<\/div>\n<\/div>\n\n\n\n<p><\/p>\n","protected":false},"excerpt":{"rendered":"<div class=\"mh-excerpt\"><p>En estos tiempos se habla demasiado de activismo: Existen variedades de activismos: pol\u00edtico, ecologista, feminista, etc. Sin embargo, creo que falta es principalmente la \u00abactividad espiritual\u00bb. Adem\u00e1s, antes de actuar, ya que somos seres racionales, <a class=\"mh-excerpt-more\" href=\"https:\/\/www.cambiatumundo.org\/?page_id=303\" title=\"Colabora\">[&#8230;]<\/a><\/p>\n<\/div>","protected":false},"author":1,"featured_media":0,"parent":0,"menu_order":0,"comment_status":"closed","ping_status":"closed","template":"template-full.php","meta":{"footnotes":""},"yoast_head":"<!-- This site is optimized with the Yoast SEO plugin v22.6 - https:\/\/yoast.com\/wordpress\/plugins\/seo\/ -->\n<title>Colabora - Cambia tu mundo - Empieza por ti<\/title>\n<meta name=\"robots\" content=\"index, follow, max-snippet:-1, max-image-preview:large, max-video-preview:-1\" \/>\n<link rel=\"canonical\" href=\"https:\/\/www.cambiatumundo.org\/?page_id=303\" \/>\n<meta property=\"og:locale\" content=\"es_ES\" \/>\n<meta property=\"og:type\" content=\"article\" \/>\n<meta property=\"og:title\" content=\"Colabora - Cambia tu mundo - Empieza por ti\" \/>\n<meta property=\"og:description\" content=\"En estos tiempos se habla demasiado de activismo: Existen variedades de activismos: pol\u00edtico, ecologista, feminista, etc. Sin embargo, creo que falta es principalmente la \u00abactividad espiritual\u00bb. Adem\u00e1s, antes de actuar, ya que somos seres racionales, [...]\" \/>\n<meta property=\"og:url\" content=\"https:\/\/www.cambiatumundo.org\/?page_id=303\" \/>\n<meta property=\"og:site_name\" content=\"Cambia tu mundo - Empieza por ti\" \/>\n<meta property=\"article:modified_time\" content=\"2021-12-29T20:42:53+00:00\" \/>\n<meta name=\"twitter:card\" content=\"summary_large_image\" \/>\n<meta name=\"twitter:label1\" content=\"Tiempo de lectura\" \/>\n\t<meta name=\"twitter:data1\" content=\"2 minutos\" \/>\n<script type=\"application\/ld+json\" class=\"yoast-schema-graph\">{\"@context\":\"https:\/\/schema.org\",\"@graph\":[{\"@type\":\"WebPage\",\"@id\":\"https:\/\/www.cambiatumundo.org\/?page_id=303\",\"url\":\"https:\/\/www.cambiatumundo.org\/?page_id=303\",\"name\":\"Colabora - Cambia tu mundo - Empieza por ti\",\"isPartOf\":{\"@id\":\"https:\/\/www.cambiatumundo.org\/#website\"},\"datePublished\":\"2020-11-17T17:25:54+00:00\",\"dateModified\":\"2021-12-29T20:42:53+00:00\",\"breadcrumb\":{\"@id\":\"https:\/\/www.cambiatumundo.org\/?page_id=303#breadcrumb\"},\"inLanguage\":\"es\",\"potentialAction\":[{\"@type\":\"ReadAction\",\"target\":[\"https:\/\/www.cambiatumundo.org\/?page_id=303\"]}]},{\"@type\":\"BreadcrumbList\",\"@id\":\"https:\/\/www.cambiatumundo.org\/?page_id=303#breadcrumb\",\"itemListElement\":[{\"@type\":\"ListItem\",\"position\":1,\"name\":\"Portada\",\"item\":\"https:\/\/www.cambiatumundo.org\/\"},{\"@type\":\"ListItem\",\"position\":2,\"name\":\"Colabora\"}]},{\"@type\":\"WebSite\",\"@id\":\"https:\/\/www.cambiatumundo.org\/#website\",\"url\":\"https:\/\/www.cambiatumundo.org\/\",\"name\":\"Cambia tu mundo - Empieza por ti\",\"description\":\"la web de las personas que creen que un mundo mejor es posible\",\"publisher\":{\"@id\":\"https:\/\/www.cambiatumundo.org\/#organization\"},\"potentialAction\":[{\"@type\":\"SearchAction\",\"target\":{\"@type\":\"EntryPoint\",\"urlTemplate\":\"https:\/\/www.cambiatumundo.org\/?s={search_term_string}\"},\"query-input\":\"required name=search_term_string\"}],\"inLanguage\":\"es\"},{\"@type\":\"Organization\",\"@id\":\"https:\/\/www.cambiatumundo.org\/#organization\",\"name\":\"Ateneo Digital\",\"url\":\"https:\/\/www.cambiatumundo.org\/\",\"logo\":{\"@type\":\"ImageObject\",\"inLanguage\":\"es\",\"@id\":\"https:\/\/www.cambiatumundo.org\/#\/schema\/logo\/image\/\",\"url\":\"https:\/\/www.cambiatumundo.org\/wp-content\/uploads\/2022\/04\/cropped-LOGO-RAMON-e1648989857352.png\",\"contentUrl\":\"https:\/\/www.cambiatumundo.org\/wp-content\/uploads\/2022\/04\/cropped-LOGO-RAMON-e1648989857352.png\",\"width\":82,\"height\":84,\"caption\":\"Ateneo Digital\"},\"image\":{\"@id\":\"https:\/\/www.cambiatumundo.org\/#\/schema\/logo\/image\/\"},\"sameAs\":[\"https:\/\/www.instagram.com\/ramonhornurena\/\"]}]}<\/script>\n<!-- \/ Yoast SEO plugin. -->","yoast_head_json":{"title":"Colabora - Cambia tu mundo - Empieza por ti","robots":{"index":"index","follow":"follow","max-snippet":"max-snippet:-1","max-image-preview":"max-image-preview:large","max-video-preview":"max-video-preview:-1"},"canonical":"https:\/\/www.cambiatumundo.org\/?page_id=303","og_locale":"es_ES","og_type":"article","og_title":"Colabora - Cambia tu mundo - Empieza por ti","og_description":"En estos tiempos se habla demasiado de activismo: Existen variedades de activismos: pol\u00edtico, ecologista, feminista, etc. Sin embargo, creo que falta es principalmente la \u00abactividad espiritual\u00bb. Adem\u00e1s, antes de actuar, ya que somos seres racionales, [...]","og_url":"https:\/\/www.cambiatumundo.org\/?page_id=303","og_site_name":"Cambia tu mundo - Empieza por ti","article_modified_time":"2021-12-29T20:42:53+00:00","twitter_card":"summary_large_image","twitter_misc":{"Tiempo de lectura":"2 minutos"},"schema":{"@context":"https:\/\/schema.org","@graph":[{"@type":"WebPage","@id":"https:\/\/www.cambiatumundo.org\/?page_id=303","url":"https:\/\/www.cambiatumundo.org\/?page_id=303","name":"Colabora - Cambia tu mundo - Empieza por ti","isPartOf":{"@id":"https:\/\/www.cambiatumundo.org\/#website"},"datePublished":"2020-11-17T17:25:54+00:00","dateModified":"2021-12-29T20:42:53+00:00","breadcrumb":{"@id":"https:\/\/www.cambiatumundo.org\/?page_id=303#breadcrumb"},"inLanguage":"es","potentialAction":[{"@type":"ReadAction","target":["https:\/\/www.cambiatumundo.org\/?page_id=303"]}]},{"@type":"BreadcrumbList","@id":"https:\/\/www.cambiatumundo.org\/?page_id=303#breadcrumb","itemListElement":[{"@type":"ListItem","position":1,"name":"Portada","item":"https:\/\/www.cambiatumundo.org\/"},{"@type":"ListItem","position":2,"name":"Colabora"}]},{"@type":"WebSite","@id":"https:\/\/www.cambiatumundo.org\/#website","url":"https:\/\/www.cambiatumundo.org\/","name":"Cambia tu mundo - Empieza por ti","description":"la web de las personas que creen que un mundo mejor es posible","publisher":{"@id":"https:\/\/www.cambiatumundo.org\/#organization"},"potentialAction":[{"@type":"SearchAction","target":{"@type":"EntryPoint","urlTemplate":"https:\/\/www.cambiatumundo.org\/?s={search_term_string}"},"query-input":"required name=search_term_string"}],"inLanguage":"es"},{"@type":"Organization","@id":"https:\/\/www.cambiatumundo.org\/#organization","name":"Ateneo Digital","url":"https:\/\/www.cambiatumundo.org\/","logo":{"@type":"ImageObject","inLanguage":"es","@id":"https:\/\/www.cambiatumundo.org\/#\/schema\/logo\/image\/","url":"https:\/\/www.cambiatumundo.org\/wp-content\/uploads\/2022\/04\/cropped-LOGO-RAMON-e1648989857352.png","contentUrl":"https:\/\/www.cambiatumundo.org\/wp-content\/uploads\/2022\/04\/cropped-LOGO-RAMON-e1648989857352.png","width":82,"height":84,"caption":"Ateneo Digital"},"image":{"@id":"https:\/\/www.cambiatumundo.org\/#\/schema\/logo\/image\/"},"sameAs":["https:\/\/www.instagram.com\/ramonhornurena\/"]}]}},"_links":{"self":[{"href":"https:\/\/www.cambiatumundo.org\/index.php?rest_route=\/wp\/v2\/pages\/303"}],"collection":[{"href":"https:\/\/www.cambiatumundo.org\/index.php?rest_route=\/wp\/v2\/pages"}],"about":[{"href":"https:\/\/www.cambiatumundo.org\/index.php?rest_route=\/wp\/v2\/types\/page"}],"author":[{"embeddable":true,"href":"https:\/\/www.cambiatumundo.org\/index.php?rest_route=\/wp\/v2\/users\/1"}],"replies":[{"embeddable":true,"href":"https:\/\/www.cambiatumundo.org\/index.php?rest_route=%2Fwp%2Fv2%2Fcomments&post=303"}],"version-history":[{"count":20,"href":"https:\/\/www.cambiatumundo.org\/index.php?rest_route=\/wp\/v2\/pages\/303\/revisions"}],"predecessor-version":[{"id":1446,"href":"https:\/\/www.cambiatumundo.org\/index.php?rest_route=\/wp\/v2\/pages\/303\/revisions\/1446"}],"wp:attachment":[{"href":"https:\/\/www.cambiatumundo.org\/index.php?rest_route=%2Fwp%2Fv2%2Fmedia&parent=303"}],"curies":[{"name":"wp","href":"https:\/\/api.w.org\/{rel}","templated":true}]}}